{"id":553,"date":"2025-08-26T21:59:20","date_gmt":"2025-08-26T21:59:20","guid":{"rendered":"https:\/\/fundacionanimalshelterstandards.org\/?page_id=553"},"modified":"2025-08-26T22:09:07","modified_gmt":"2025-08-26T22:09:07","slug":"iniciativas","status":"publish","type":"page","link":"https:\/\/fundacionanimalshelterstandards.org\/index.php\/iniciativas\/","title":{"rendered":"Iniciativas"},"content":{"rendered":"<p>[vc_row][vc_column][vc_column_text]<\/p>\n<h2 style=\"text-align: center;\">Nuestras Iniciativas Estrat\u00e9gicas<\/h2>\n<h4>Investigaci\u00f3n validada: El estudio piloto<\/h4>\n<p>Nuestras soluciones no nacen de la teor\u00eda, sino de la evidencia. Un riguroso estudio piloto con la C\u00e1tedra Fundaci\u00f3n Affinity Animales y Salud de la UAB nos ha permitido entender en profundidad la realidad del sector. Sus resultados ser\u00e1n publicados pr\u00f3ximamente y son el conocimiento que impulsa la transformaci\u00f3n.<\/p>\n<h4>La Primera Radiograf\u00eda Nacional del Sector<\/h4>\n<p>Lanzamos una iniciativa nacional para crear la base de datos unificada que el sector de los centros de protecci\u00f3n animal en Espa\u00f1a necesita.<br \/>\nUna herramienta para, por fin, visibilizar su dimensi\u00f3n real, su financiaci\u00f3n, sus costes y el valor de su trabajo. No es una encuesta m\u00e1s; es la base para tomar mejores decisiones. Por ello, la participaci\u00f3n de cada centro y ayuntamiento es imprescindible.<\/p>\n<h4>Diagn\u00f3stico y Apoyo Profesional<\/h4>\n<p>No tienes que esperar a los resultados del estudio. Si necesitas ayuda ahora, nuestro equipo de expertos ya realiza valoraciones de bienestar aplicando herramientas validadas internacionalmente, como el Shelter Quality Protocol, para ofrecerte un diagn\u00f3stico preciso de la situaci\u00f3n actual y puntos de acci\u00f3n claros para empezar a mejorar.[\/vc_column_text][\/vc_column][\/vc_row]<\/p>\n","protected":false},"excerpt":{"rendered":"<p>[vc_row][vc_column][vc_column_text] Nuestras Iniciativas Estrat\u00e9gicas Investigaci\u00f3n validada: El estudio piloto Nuestras soluciones no nacen de la teor\u00eda, sino de la evidencia. Un riguroso estudio piloto con la C\u00e1tedra Fundaci\u00f3n Affinity Animales&hellip;<\/p>\n","protected":false},"author":1,"featured_media":0,"parent":0,"menu_order":0,"comment_status":"closed","ping_status":"closed","template":"","meta":{"_vp_format_video_url":"","_vp_image_focal_point":[],"footnotes":""},"class_list":["post-553","page","type-page","status-publish","hentry"],"aioseo_notices":[],"_links":{"self":[{"href":"https:\/\/fundacionanimalshelterstandards.org\/index.php\/wp-json\/wp\/v2\/pages\/553","targetHints":{"allow":["GET"]}}],"collection":[{"href":"https:\/\/fundacionanimalshelterstandards.org\/index.php\/wp-json\/wp\/v2\/pages"}],"about":[{"href":"https:\/\/fundacionanimalshelterstandards.org\/index.php\/wp-json\/wp\/v2\/types\/page"}],"author":[{"embeddable":true,"href":"https:\/\/fundacionanimalshelterstandards.org\/index.php\/wp-json\/wp\/v2\/users\/1"}],"replies":[{"embeddable":true,"href":"https:\/\/fundacionanimalshelterstandards.org\/index.php\/wp-json\/wp\/v2\/comments?post=553"}],"version-history":[{"count":2,"href":"https:\/\/fundacionanimalshelterstandards.org\/index.php\/wp-json\/wp\/v2\/pages\/553\/revisions"}],"predecessor-version":[{"id":557,"href":"https:\/\/fundacionanimalshelterstandards.org\/index.php\/wp-json\/wp\/v2\/pages\/553\/revisions\/557"}],"wp:attachment":[{"href":"https:\/\/fundacionanimalshelterstandards.org\/index.php\/wp-json\/wp\/v2\/media?parent=553"}],"curies":[{"name":"wp","href":"https:\/\/api.w.org\/{rel}","templated":true}]}}