{"id":565,"date":"2025-08-26T22:57:34","date_gmt":"2025-08-26T22:57:34","guid":{"rendered":"https:\/\/fundacionanimalshelterstandards.org\/?page_id=565"},"modified":"2025-08-26T23:05:22","modified_gmt":"2025-08-26T23:05:22","slug":"contacto","status":"publish","type":"page","link":"https:\/\/fundacionanimalshelterstandards.org\/index.php\/contacto\/","title":{"rendered":"Contacto"},"content":{"rendered":"<p>[vc_row][vc_column][vc_column_text]<\/p>\n<h2 style=\"text-align: center;\">Hablemos<\/h2>\n<p>Tu perspectiva es fundamental. Tanto si representas a un centro o ayuntamiento interesado en participar en nuestro estudio nacional, necesitas un diagn\u00f3stico de bienestar o deseas explorar v\u00edas de colaboraci\u00f3n, este es tu canal directo. Tus inquietudes y tu experiencia diaria son una fuente de conocimiento de incalculable valor que nos ayuda a entender la realidad del sector. Queremos escucharte.[\/vc_column_text][\/vc_column][\/vc_row][vc_row][vc_column]\n<div class=\"wpcf7 no-js\" id=\"wpcf7-f489-o1\" lang=\"es-ES\" dir=\"ltr\" data-wpcf7-id=\"489\">\n<div class=\"screen-reader-response\"><p role=\"status\" aria-live=\"polite\" aria-atomic=\"true\"><\/p> <ul><\/ul><\/div>\n<form action=\"\/index.php\/wp-json\/wp\/v2\/pages\/565#wpcf7-f489-o1\" method=\"post\" class=\"wpcf7-form init\" aria-label=\"Formulario de contacto\" novalidate=\"novalidate\" data-status=\"init\">\n<fieldset class=\"hidden-fields-container\"><input type=\"hidden\" name=\"_wpcf7\" value=\"489\" \/><input type=\"hidden\" name=\"_wpcf7_version\" value=\"6.1.5\" \/><input type=\"hidden\" name=\"_wpcf7_locale\" value=\"es_ES\" \/><input type=\"hidden\" name=\"_wpcf7_unit_tag\" value=\"wpcf7-f489-o1\" \/><input type=\"hidden\" name=\"_wpcf7_container_post\" value=\"0\" \/><input type=\"hidden\" name=\"_wpcf7_posted_data_hash\" value=\"\" \/>\n<\/fieldset>\n<p><label>Soy un\/una:<\/label>\n<\/p>\n<p><span class=\"wpcf7-form-control-wrap\" data-name=\"tipo_entidad\"><span class=\"wpcf7-form-control wpcf7-radio\"><span class=\"wpcf7-list-item first\"><label><input type=\"radio\" name=\"tipo_entidad\" value=\"Centro de Protecci\u00f3n Animal\" \/><span class=\"wpcf7-list-item-label\">Centro de Protecci\u00f3n Animal<\/span><\/label><\/span><span class=\"wpcf7-list-item last\"><label><input type=\"radio\" name=\"tipo_entidad\" value=\"Ayuntamiento o Mancomunidad\" \/><span class=\"wpcf7-list-item-label\">Ayuntamiento o Mancomunidad<\/span><\/label><\/span><\/span><\/span>\n<\/p>\n<p><label>Nombre de la Entidad<\/label><br \/>\n<span class=\"wpcf7-form-control-wrap\" data-name=\"nombre_entidad\"><input size=\"40\" maxlength=\"400\" class=\"wpcf7-form-control wpcf7-text wpcf7-validates-as-required\" aria-required=\"true\" aria-invalid=\"false\" placeholder=\"Nombre de la Entidad\" value=\"\" type=\"text\" name=\"nombre_entidad\" \/><\/span>\n<\/p>\n<p><label>Nombre de la Persona de Contacto<\/label><br \/>\n<span class=\"wpcf7-form-control-wrap\" data-name=\"nombre_contacto\"><input size=\"40\" maxlength=\"400\" class=\"wpcf7-form-control wpcf7-text wpcf7-validates-as-required\" aria-required=\"true\" aria-invalid=\"false\" placeholder=\"Nombre de la Persona de Contacto\" value=\"\" type=\"text\" name=\"nombre_contacto\" \/><\/span>\n<\/p>\n<p><label>Email de Contacto<\/label><br \/>\n<span class=\"wpcf7-form-control-wrap\" data-name=\"email_contacto\"><input size=\"40\" maxlength=\"400\" class=\"wpcf7-form-control wpcf7-email wpcf7-validates-as-required wpcf7-text wpcf7-validates-as-email\" aria-required=\"true\" aria-invalid=\"false\" placeholder=\"Email de Contacto\" value=\"\" type=\"email\" name=\"email_contacto\" \/><\/span>\n<\/p>\n<p><input class=\"wpcf7-form-control wpcf7-submit has-spinner\" type=\"submit\" value=\"ENVIAR SOLICITUD DE PARTICIPACI\u00d3N\" \/>\n<\/p><p style=\"display: none !important;\" class=\"akismet-fields-container\" data-prefix=\"_wpcf7_ak_\"><label>&#916;<textarea name=\"_wpcf7_ak_hp_textarea\" cols=\"45\" rows=\"8\" maxlength=\"100\"><\/textarea><\/label><input type=\"hidden\" id=\"ak_js_1\" name=\"_wpcf7_ak_js\" value=\"160\"\/><script type=\"text\/javascript\">\n\/* <![CDATA[ *\/\ndocument.getElementById( \"ak_js_1\" ).setAttribute( \"value\", ( new Date() ).getTime() );\n\/* ]]> *\/\n<\/script>\n<\/p><div class=\"wpcf7-response-output\" aria-hidden=\"true\"><\/div>\n<\/form>\n<\/div>\n[\/vc_column][\/vc_row][vc_row][vc_column][vc_separator][\/vc_column][\/vc_row][vc_row][vc_column][vc_column_text]Esta p\u00e1gina presenta nuestras iniciativas estrat\u00e9gicas para 2025. Mientras construimos nuestra web completa, aqu\u00ed encontrar\u00e1 la informaci\u00f3n esencial sobre<br \/>\nnuestros proyectos fundacionales.[\/vc_column_text][\/vc_column][\/vc_row]<\/p>\n","protected":false},"excerpt":{"rendered":"<p>[vc_row][vc_column][vc_column_text] Hablemos Tu perspectiva es fundamental. Tanto si representas a un centro o ayuntamiento interesado en participar en nuestro estudio nacional, necesitas un diagn\u00f3stico de bienestar o deseas explorar v\u00edas&hellip;<\/p>\n","protected":false},"author":1,"featured_media":0,"parent":0,"menu_order":0,"comment_status":"closed","ping_status":"closed","template":"","meta":{"_vp_format_video_url":"","_vp_image_focal_point":[],"footnotes":""},"class_list":["post-565","page","type-page","status-publish","hentry"],"aioseo_notices":[],"_links":{"self":[{"href":"https:\/\/fundacionanimalshelterstandards.org\/index.php\/wp-json\/wp\/v2\/pages\/565","targetHints":{"allow":["GET"]}}],"collection":[{"href":"https:\/\/fundacionanimalshelterstandards.org\/index.php\/wp-json\/wp\/v2\/pages"}],"about":[{"href":"https:\/\/fundacionanimalshelterstandards.org\/index.php\/wp-json\/wp\/v2\/types\/page"}],"author":[{"embeddable":true,"href":"https:\/\/fundacionanimalshelterstandards.org\/index.php\/wp-json\/wp\/v2\/users\/1"}],"replies":[{"embeddable":true,"href":"https:\/\/fundacionanimalshelterstandards.org\/index.php\/wp-json\/wp\/v2\/comments?post=565"}],"version-history":[{"count":2,"href":"https:\/\/fundacionanimalshelterstandards.org\/index.php\/wp-json\/wp\/v2\/pages\/565\/revisions"}],"predecessor-version":[{"id":571,"href":"https:\/\/fundacionanimalshelterstandards.org\/index.php\/wp-json\/wp\/v2\/pages\/565\/revisions\/571"}],"wp:attachment":[{"href":"https:\/\/fundacionanimalshelterstandards.org\/index.php\/wp-json\/wp\/v2\/media?parent=565"}],"curies":[{"name":"wp","href":"https:\/\/api.w.org\/{rel}","templated":true}]}}